or of 285 and 3675?
15
Calculate the highest common divisor of 1054 and 1802.
34
Calculate the highest common factor of 40164 and 192.
12
Calculate the greatest common divisor of 487944 and 91368.
1944
What is the highest common divisor of 12245 and 1054?
31
What is the greatest common factor of 87350 and 170?
10
Calculate the greatest common factor of 180 and 108380.
20
What is the greatest common factor of 15818 and 3718?
22
Calculate the highest common divisor of 10 and 1412320.
10
Calculate the highest common factor of 1716283 and 213.
71
Calculate the greatest common factor of 44 and 9284.
44
What is the greatest common divisor of 175 and 18060?
35
What is the highest common factor of 42366 and 690?
138
Calculate the highest common divisor of 19499 and 4403.
629
Calculate the highest common divisor of 321691 and 3302.
127
Calculate the highest common factor of 48682 and 1687.
241
Calculate the highest common divisor of 81 and 1497.
3
Calculate the greatest common factor of 730 and 3796.
146
Calculate the greatest common factor of 1975 and 6715.
395
Calculate the highest common divisor of 6 and 2643.
3
What is the highest common divisor of 1060 and 37312?
212
What is the highest common divisor of 180 and 37040?
20
Calculate the highest common divisor of 89 and 17355.
89
Calculate the highest common divisor of 7140 and 7042420.
2380
What is the highest common factor of 1324585 and 1825?
365
What is the highest common factor of 48 and 12112?
16
What is the highest common divisor of 17 and 3239843?
17
Calculate the highest common divisor of 9045 and 42525.
135
What is the highest common divisor of 146 and 21097?
73
What is the greatest common divisor of 26 and 24401?
13
Calculate the highest common divisor of 1091965 and 35.
35
Calculate the greatest common divisor of 2898 and 970347.
483
What is the greatest common factor of 27738 and 130962?
138
Calculate the greatest common factor of 8 and 12621352.
8
Calculate the highest common divisor of 605 and 2431.
11
Calculate the greatest common divisor of 936 and 4626.
18
Calculate the highest common divisor of 39 and 46605.
39
What is the greatest common factor of 308 and 792099?
77
What is the greatest common divisor of 371 and 147?
7
Calculate the greatest common factor of 8 and 1966.
2
What is the greatest common factor of 24 and 2775876?
12
Calculate the highest common divisor of 17967 and 1325.
53
What is the greatest common factor of 120 and 7160?
40
What is the greatest common factor of 1368 and 190?
38
What is the highest common factor of 37305 and 45?
45
Calculate the greatest common factor of 560 and 3789380.
140
Calculate the greatest common divisor of 4425 and 1003.
59
What is the greatest common divisor of 1426334 and 2766?
922
Calculate the greatest common divisor of 2272369 and 1837.
1837
What is the highest common divisor of 3 and 44027?
1
Calculate the highest common factor of 736 and 38709.
23
Calculate the greatest common factor of 899578 and 388.
194
What is the highest common factor of 474 and 4108?
158
What is the highest common divisor of 8355 and 23310?
15
Calculate the greatest common divisor of 67828 and 140032.
2188
What is the greatest common factor of 98 and 1435182?
14
What is the highest common divisor of 1842623 and 173?
173
What is the highest common factor of 4387 and 205?
41
What is the greatest common factor of 7619 and 798?
19
What is the greatest common factor of 57332 and 6?
2
Calculate the greatest common divisor of 54 and 5136.
6
What is the greatest common factor of 663504 and 17664?
1104
Calculate the greatest common factor of 11957 and 6259.
11
What is the highest common divisor of 3586 and 2816?
22
What is the greatest common factor of 35472 and 68?
4
What is the greatest common factor of 60 and 521120?
20
Calculate the greatest common factor of 8568 and 125783.
119
Calculate the highest common divisor of 168 and 148722.
42
Calculate the highest common divisor of 1302 and 1228437.
651
What is the greatest common divisor of 1275 and 969?
51
What is the highest common divisor of 14739 and 1581?
51
Calculate the highest common divisor of 20 and 15005.
5
Calculate the greatest common divisor of 205 and 40549.
41
Calculate the greatest common divisor of 9311530 and 10.
10
What is the highest common factor of 12 and 305604?
12
What is the highest common factor of 180829 and 1496?
187
What is the highest common factor of 150 and 4470?
30
Calculate the highest common divisor of 2088 and 34017.
87
What is the greatest common divisor of 1336276 and 4?
4
What is the greatest common divisor of 26751 and 6507?
723
What is the greatest common factor of 16099 and 425?
17
What is the greatest common factor of 2623171 and 194?
97
Calculate the highest common divisor of 1205170 and 1900.
190
Calculate the greatest common divisor of 491355 and 7137.
549
Calculate the greatest common divisor of 40 and 894550.
10
Calculate the greatest common divisor of 70356 and 2214.
246
What is the greatest common divisor of 2394 and 91998?
342
Calculate the greatest common divisor of 28 and 2718.
2
What is the highest common factor of 77408 and 70192?
656
What is the highest common factor of 10 and 3222?
2
Calculate the greatest common divisor of 576935 and 190.
95
What is the greatest common divisor of 25 and 37225?
25
What is the highest common factor of 36 and 1438?
2
What is the greatest common factor of 54 and 678852?
18
Calculate the highest common divisor of 540 and 79164.
108
Calculate the greatest common factor of 18 and 31491.
9
Calculate the greatest common divisor of 75 and 6069540.
15
What is the greatest common divisor of 2674 and 84?
14
Calculate the greatest common factor of 153527 and 9911.
187
Calculate the greatest common factor of 446193 and 99.
99
What is the highest common divisor of 1087498 and 13186?
694
Calculate the greatest common factor of 15538 and 238.
34
Calculate the highest common divisor of 440 and 242220.
220
What is the highest common factor of 175037 and 1017?
113
What is the highest common factor of 100 and 5380?
20
What is the highest common divisor of 23332 and 26144?
76
What is the greatest common divisor of 85417 and 6412?
229
What is the greatest common divisor of 8395 and 219?
73
What is the highest common divisor of 5 and 228605?
5
What is the highest common divisor of 10138 and 13974?
274
Calculate the highest common divisor of 359439 and 48.
3
Calculate the highest common divisor of 450 and 29955.
15
What is the highest common divisor of 2 and 862058?
2
Calculate the greatest common factor of 12803 and 2387.
217
Calculate the greatest common factor of 184400 and 100.
100
Calculate the greatest common factor of 4309 and 14317.
139
Calculate the greatest common factor of 99 and 76896.
9
What is the greatest common factor of 1890 and 16755?
15
What is the highest common factor of 305748 and 108?
108
Calculate the greatest common factor of 10 and 47926.
2
What is the highest common divisor of 359937 and 36?
9
What is the greatest common divisor of 759 and 7866?
69
Calculate the highest common factor of 915 and 600.
15
What is the greatest common factor of 257 and 508603?
257
What is the greatest common divisor of 816 and 196452?
204
What is the highest common factor of 40 and 42980?
20
What is the highest common factor of 594 and 91344?
66
Calculate the highest common factor of 1397 and 38687.
11
What is the highest common divisor of 270048 and 873?
291
What is the highest common divisor of 74 and 1934767?
37
Calculate the highest common factor of 34947 and 26334.
99
Calculate the highest common factor of 175 and 289975.
175
Calculate the greatest common divisor of 462 and 327838.
14
Calculate the greatest common divisor of 174046 and 1054.
34
Calculate the highest common divisor of 41792 and 384.
64
What is the highest common divisor of 168 and 8302?
14
Calculate the highest common divisor of 104720 and 44132.
748
What is the greatest common divisor of 189 and 13257?
27
What is the highest common factor of 32 and 663532?
4
Calculate the greatest common factor of 9 and 1946502.
9
What is the greatest common divisor of 40168 and 120?
8
What is the greatest common factor of 32084 and 104?
52
What is the highest common factor of 27318 and 17